z. Is z a prime number?
False
Is (835/334)/((-10)/(-2486332)) a composite number?
False
Suppose -f + 3*o = -87824, -8*f - 4*o - 263487 = -11*f. Is f prime?
True
Let f = 139 - 117. Suppose -f*n + 21*n = -5147. Is n a prime number?
True
Let a(r) = 20942*r - 893. Is a(3) composite?
False
Suppose 0 = 4701*p - 4687*p - 736498. Is p prime?
False
Suppose 4*d + 101 - 117 = 0. Let o(s) = 234*s**2 + 3*s + 16. Let c be o(d). Let u = c + -1919. Is u a prime number?
False
Is 7417401/558*(4 + 2) prime?
True
Let n(l) = -17*l + 138. Let r be n(8). Suppose 5*s + 63410 = 4*w + 8*s, 4*w - r*s - 63420 = 0. Is w a prime number?
False
Let h = 19085 - 5835. Suppose 0 = -7*b + h - 1119. Is b prime?
True
Let l(g) = g**2 - g + 7. Let u be l(-4). Let m = 30 - u. Suppose 0 = m*j - 1675 - 878. Is j composite?
True
Suppose 1151*m - 1167*m + 472432 = 0. Is m a prime number?
True
Let k(g) = -2*g**3 + 11*g**2 - 4*g + 4. Let j be k(5). Suppose -j*v + 41 = -22. Suppose -m - 4614 = -v*m. Is m a composite number?
False
Suppose 8 = 4*u + 2*c, 0 = -3*u + 3*c - 0 + 6. Suppose -28 = u*t - 4*t. Let w(r) = 4*r + 33. Is w(t) composite?
False
Suppose 34364 = 4*q - 4*u, q + 2*u - 2804 = 5802. Let g = q - 4857. Is g prime?
True
Let s(g) = 7*g**2 + 3*g - 46. Let v be s(14). Suppose -4*u = 0, 4*f = 8*f + u - v. Suppose 4*o + f + 91 = 3*y, y = -4*o + 123. Is y a prime number?
True
Is -5 + (11 - 9 - -70280) a composite number?
True
Suppose -4*f + 2*v + 88 = 0, 3*f + 3*v + 22 = 4*f. Let p = -18 - f. Is 8571/9 - (p/(-15))/(-4) prime?
True
Let s = 41 + -36. Suppose 3*i = 2*x + 2095, 0 = i - 0*i + s*x - 721. Is i a composite number?
False
Let i = 287 + -288. Is (2631/3)/(-1*(i + 0)) a prime number?
True
Suppose -3*n + 0*n = -4*s - 191585, 0 = 2*n - 3*s - 127724. Suppose -77313 = -4*d + c, -3*c - n = -4*d + 13456. Suppose -7*q + 587 = -d. Is q composite?
True
Suppose -2*s - 4*t = -2*t - 402, s - 2*t = 207. Let a = s - 355. Let x = 1469 - a. Is x composite?
False
Suppose -5*w + 31*w - 8474940 = -1624798. Is w a composite number?
True
Let h be 12/10*(689 + -2 + -2). Let l be 13/(2*3/h). Suppose 2*s - n + 4*n = l, 3*s = 5*n + 2662. Is s prime?
False
Let m(h) = 7131*h**2 - 3*h - 20. Let w be m(-3). Let k = -44542 + w. Suppose 258 = 4*u - k. Is u a prime number?
False
Suppose -63*v + 53*v + 1618990 = 0. Is v composite?
True
Let g be (-2562)/10 - 3/(-15). Let l = 899 + -1514. Let r = g - l. Is r a prime number?
True
Let p = 290836 + -112509. Is p composite?
False
Is (-72)/(-216)*236823*3*(-3)/(-9) composite?
False
Let m(d) = 20*d**2 + 10*d - 59. Let f = 282 - 270. Is m(f) prime?
False
Let q(k) be the second derivative of -167*k**5/20 - k**4/4 - 2*k**3/3 - 23*k. Let o be q(-2). Suppose -3*h + o = -591. Is h prime?
True
Suppose -1154773 + 301540 = -2*w + l, -4*l = 4*w - 1706424. Is w composite?
True
Let n = -38862 - -61901. Is n prime?
True
Suppose -8*v - 154272 = -10*v + 2*p, -4*v + 308545 = -3*p. Is v a composite number?
False
Suppose v + 5*s = 56, -256 = -3*v - v - 4*s. Suppose 726 = -r - v. Let x = r - -1259. Is x a composite number?
False
Suppose 0 = 10*y - 209 + 59. Suppose 0 = -18*a + y*a. Suppose a = -3*i - 220 + 1294. Is i prime?
False
Suppose 49*d = 40*d + 151821. Suppose 4*o + d = 5*s, 3*s - 3*o - 11539 = -1420. Is s a composite number?
True
Suppose 0 = -597*p + 596*p - 4*c + 61373, 0 = -4*p - 4*c + 245444. Is p composite?
False
Suppose 0 = 12*r - 260 - 136. Let o be -1 + (-11)/(r/(-18)). Suppose -b + 482 = -3*z, -1406 = -o*b + 2*b + z. Is b a composite number?
False
Let c(b) = 180*b**2 - 21*b + 748. Is c(21) composite?
False
Let t be 5 - (4 - -3) - (4 - -3958). Is (t/(-3))/((-52)/(-39)) composite?
False
Let w be ((-6)/1)/((-2)/(-15 - -3)). Let g = -36 - w. Suppose -3*m - 1823 + 4817 = g. Is m a prime number?
False
Suppose -4*p + 2*p = 5*n - 184053, -5*n = -3*p - 184033. Is n prime?
True
Let t(y) = -2*y**3 + 18*y**2 + y + 9. Let s be t(9). Is 201 - (2/(-3) - s/(-27)) a composite number?
True
Is -8 + (-299)/23 + 105838 prime?
True
Suppose -3*w = -3165 - 681. Let u = -691 + w. Let t = -334 + u. Is t a composite number?
False
Suppose 2*a = -0*a + 14. Suppose -5 + a = s. Suppose n = -5*d + 1858, -s*n + 6*n = 3*d - 1101. Is d a prime number?
False
Let p be (-7 - 5416/(-12)) + 4/(-3). Let s = 2696 - p. Is s a composite number?
True
Let b(c) = 4*c**2 + 2*c - 5 - 2*c - c + c**3 + c**2. Let p be b(-5). Is -1*(1 - p)*-1039 a prime number?
True
Is -49573*3*(144/27)/(-16) a prime number?
False
Let q(s) = -s**2 + 9*s + 22. Let k = -85 - -96. Let i be q(k). Is 1*-3*((-393)/9 + i) a prime number?
True
Let p be 0*((-13)/2 + 7). Suppose 4*h + 7346 = -a + 35588, 4*h + 2*a - 28240 = p. Is h prime?
False
Let y be ((-18)/12 + -1)/((-2)/4). Suppose 0 = -f + 2 + 1, y*z + 5*f = 15980. Is z a prime number?
False
Let m(t) = 6 - 7*t - 3*t + 8*t + 15 + 0 + 327*t**2. Is m(-4) a composite number?
False
Suppose 0 = 32*i - 36*i + 4. Suppose 2*k = -i - 7, 0 = -2*u - 5*k + 298. Is u composite?
True
Suppose 33*y = -702298 + 1071993 + 1800418. Is y composite?
False
Let q(r) = 108*r**2 + 5. Let n be 8/4 + -2 + 2. Suppose 17 - n = 5*t. Is q(t) a prime number?
True
Let j(n) be the first derivative of -17*n**2/2 - 85*n + 73. Is j(-16) composite?
True
Suppose 18*t + 6*l = 17*t + 203917, 1019783 = 5*t - 3*l. Is t prime?
True
Let n(c) = -23*c + 15959. Suppose 2*u - b - 3 = 0, -12*u + 7*u - 4*b - 12 = 0. Is n(u) a composite number?
False
Suppose -432*f + 441*f - 320611 - 112568 = 0. Is f a composite number?
False
Suppose 0 = -3*n + d + 17, -4*n - n + 2*d + 28 = 0. Let k be -4 + 3*1/(-6)*n. Is (-2)/k*-1 + (-26949)/(-21) a composite number?
False
Let u = 211 + -160. Is 7288/2 + u/17 a composite number?
True
Suppose 4*p - o = -5*o + 32, -4 = -2*o. Is 439992/54 - (1 + p) prime?
False
Suppose 61*w - 100*w + 49*w - 340390 = 0. Is w prime?
True
Let h(f) = -2*f**3 - 5*f**2 - 8*f - 10. Let i be h(-3). Is i/((-50)/(-7) - 7) prime?
False
Let b = 28850 + -15469. Is b composite?
False
Let r be (9/2)/(18/158748). Is (24/6)/(-6*(-2)/r) prime?
True
Let s be 4/10 - 1/((-5)/303). Let t = -58 + s. Let r(y) = 17*y**3 - 3*y**2 - y - 2. Is r(t) prime?
False
Suppose 24*a - 36 = 21*a. Suppose -17*s = o - a*s - 4776, -o + 4*s = -4803. Is o prime?
False
Suppose 5*r = -0*v - v + 10, 2*r = -5*v + 27. Is -3*r + 9/(63/4690) prime?
False
Let c be ((-30)/45)/(2/(-6)). Suppose h - c = -u + 1, 5*u = h + 21. Suppose -4*a = 0, 2*a = -u*d + 3*a + 1276. Is d a prime number?
False
Suppose -25*q = -18*q + 112. Let m be 8/q - ((-31989)/6 + 2). Suppose -5*g = -3*v - m, -5*v + 1075 = g - v. Is g a composite number?
True
Suppose -22 = -5*s + 7*x - 3*x, -2*s - 2*x = 2. Suppose -s*r = -0*r + 1644. Let l = -571 - r. Is l prime?
True
Let m = 25 + -26. Let t be m/(-2*4/(-48)*1). Is ((-2722)/t)/((-24)/(-72)) composite?
False
Suppose 0 = -5*f - 3*y + 326044, -3*f + 18*y + 195609 = 14*y. Is f prime?
False
Let j(g) = 794*g**3 + 19*g**2 - g - 15. Let q be j(8). Suppose -200331 = -12*r + q. Is r a composite number?
False
Suppose 0 = 11*x - m - 4989476, 3*x - 1360770 = 5*m - 6*m. Is x a composite number?
True
Suppose 0 = 5*m - 8*m + 4*n + 28730, 15 = -3*n. Let r = -1781 + m. Is r a prime number?
True
Let p = 552 - 217. Suppose 4*c + p = 9*c. Is c a prime number?
True
Let y(k) = -k**3 + 50*k**2 - k - 66. Let j be y(47). Suppose -12*p = j - 66766. Is p prime?
True
Suppose 107*p + 42*p + 601571 - 4275762 = 0. Is p prime?
True
Let s = -1412 - -660. Let d = s + 7863. Is d a prime number?
False
Suppose 0 = 3*n + 2*j - 63247, 2*n - 21077 = n - 2*j. Is n a prime number?
False
Suppose 0 = 2*u + 4*s - 4, -4*u - s + 1 = -0. Suppose -5*w + 5*y + 8640 = u, -7*w + 6904 = -3*w + 4*y. Is w a composite number?
True
Let n = 65613 + -26144. Is n composite?
True
Let m = -97 + 106. Suppose m*x + 41708 = 13*x. Is x prime?
True
Suppose 3337 = j - f, 13366 = -6*j + 10*j + 2*f. Let u = 7133 - j. Is u prime?
True
Suppose -2*d - 3 - 3 = 5*a, 4*a - 12 = 4*d. Let b be (-1)/d*(4493 - 17). Let f = b + -741. Is f a composite number?
False
Let a = 18559 + 814. Is a a prime number?
True
Suppose 43*h = -81*h + 121459612. Is h a prime number?
False
Suppose -531*y + 444702 = -525*y. Is y a prime number?
False
Let j(r) = r**3 + 6*r**2 + 2*r + 7. Let a = 13 - 16. Let u be j(a). Suppose 3*v - 19 = 4*q, 5*v - 3*v = -5*q + u. Is 